common factor of o and n.
18
Let h be (-2)/(-7) - (-330)/70 - -363. Let q = h + -349. What is the highest common factor of 323 and q?
19
Let o = 20 - 120. Let c = o + 151. What is the highest common factor of 255 and c?
51
Suppose -5*c = 2*z - 9, 0 = 3*c - c - 3*z - 15. Suppose -105*p + 146*p = 1230. What is the greatest common factor of p and c?
3
Let l = 26 - -24. Suppose 0*h - 4*h - l = 3*t, -2*h = 3*t + 52. Let m be 7/2 + (-9)/t. Calculate the highest common divisor of m and 2.
2
Let m(j) = 1204*j - 2609. Let v be m(5). What is the highest common factor of v and 9?
9
Let q = 158 - 154. Suppose -3*y = -3*m + 24, m - 2*y + 29 = q*m. Calculate the highest common divisor of m and 45.
9
Let n = 136 + -81. Let l = 30 - 34. Let k be (-1)/l - (206/(-8) + 4). What is the greatest common factor of k and n?
11
Let c(d) = -7*d**2 - d + 4. Let f(w) = -2*w + 1. Let j be f(2). Let g be c(j). Let u = g + 69. Calculate the greatest common factor of u and 52.
13
Suppose -3*c - 29 = 4*z, -3*z + 4*c - 4 = 24. Let w be z/36 - (-3248)/36. Calculate the highest common divisor of 110 and w.
10
Let x = 2 - 5. Let s(c) = 3*c**2 + 4*c - 7. Let k be s(2). Let j = k + x. What is the highest common factor of 10 and j?
10
Let c(b) = 3*b**3 + 2*b**2 + 31*b - 80. Let n be c(5). Suppose -4*f + 806 = -2*j, j - 175 = 3*f - 778. Calculate the greatest common factor of f and n.
100
Let h = 61 - 68. Let f be -48*h/2 + 0. Calculate the highest common divisor of 112 and f.
56
Suppose -2*m = -5*b + 109, 2*b - 3*m = -0*b + 48. Let l be (35*8)/(18/27). Calculate the highest common divisor of b and l.
21
Suppose -m - 339 = -5*i - 61, -4*i + 232 = -4*m. Calculate the greatest common divisor of 3971 and i.
11
Let l = 48972 + -48948. Suppose 5*u = -0*f - 3*f + 3, 0 = -2*u. What is the highest common factor of l and f?
1
Suppose -4*n + 23 + 57 = 0. Let j be (6*(-9)/(-12))/(9/120). What is the highest common factor of j and n?
20
Let h be 1*(-2)/1 - -1. Let z be (19/(-1))/(0 + h). Let g = 10384 - 10175. Calculate the greatest common factor of g and z.
19
Let n = -29993 + 30065. What is the highest common factor of n and 2136?
24
Suppose 4*m = 3*l - 5, 7*l + 8 = 10*l - m. Let j be 4634/21 - l/(-9). Calculate the highest common divisor of 34 and j.
17
Let a = -291 - -417. Suppose -21840 = -138*x - 114*x + 6*x + 51*x. Calculate the greatest common divisor of x and a.
14
Let v be 25/((-13750)/165) + 646/20. Calculate the highest common divisor of 9328 and v.
16
Let b = -659 + 995. Calculate the greatest common factor of 1260 and b.
84
Let s be (22/2)/((-5)/(-20)). Let o = -44 + s. Suppose o = -4*a - 4*f + 44, -2*a + 22 = -0*a - 2*f. What is the highest common divisor of a and 55?
11
Let q(m) = m**2 - 71*m - 1275. Let v be q(-15). What is the highest common factor of v and 485?
5
Suppose -4*m - 1444 - 1121 = -5*o, 2078 = 4*o + 2*m. Let y = o + -467. Calculate the highest common factor of y and 350.
50
Let v be 51/12*1*-52. Let w = 241 + v. Calculate the greatest common factor of 380 and w.
20
Let c be (2 + 160/(-14))/((-34)/(-310352)*-8). What is the greatest common factor of 132 and c?
66
Let p be 4620/3234 - (-35088)/7. What is the greatest common factor of 436 and p?
218
Let a = -499 + 877. What is the greatest common divisor of a and 882?
126
Let l be (-38)/3*12/(-8). Suppose 3*f + 5*k - 1712 = 50, 1170 = 2*f + k. Suppose 6*s - 100 = f. Calculate the greatest common divisor of s and l.
19
Suppose -22 = -h - 0*f + 4*f, 3*h - 11 = f. Let o be (14/h)/((-17)/(-34)). Calculate the greatest common divisor of 2 and o.
2
Let n(k) = 5*k - 2. Let s be (4/(-8))/((-3)/18). Let y be n(s). Let t = 1482 - 1443. What is the highest common divisor of y and t?
13
Let w(q) = 5*q + 9 + 8*q + 3*q**2 - 5*q - 24. Let d be w(3). Calculate the highest common factor of 18 and d.
18
Let s(r) = -12*r**2 - r + 3. Let l be s(-2). Let j = 63 + l. Let z be 4/(-2) - j/(-4). What is the greatest common factor of z and 21?
3
Suppose 0 = -3*f - 115 - 47. Let y = f - -58. Suppose y*z = 2*b + 44, 0*b + 2*b = -3*z + 33. Calculate the highest common factor of 132 and z.
11
Let z(j) = 8*j - 7. Let a(k) = -2*k**2 - 10*k - 3. Let t be a(-8). Let g = t - -53. Let l be z(g). Calculate the greatest common factor of 117 and l.
9
Let p(y) = -y**2 + 7*y - 9. Let c be p(12). Let n be c*((-34)/6 + 5). Calculate the greatest common divisor of 161 and n.
23
Let i be (0 - 0) + 13 + -11. Suppose -p - i = 2. Let k = p - -8. Calculate the highest common factor of k and 10.
2
Let w(u) = 49*u**2 - 11*u + 4*u + 5 - 50*u**2. Let d be w(-3). Let x be (-4)/(-14) - (-3324)/28. What is the highest common divisor of d and x?
17
Let q = 206 - 173. Let i be (0 + (-2)/(-4))/((-3)/(-2178)). Calculate the highest common factor of q and i.
33
Let o = 38880 - 37248. What is the highest common factor of 1152 and o?
96
Let q(p) = p + 4. Let t be q(0). Suppose 75*h - 128 = 91*h. Let v be (-2)/(-4) + (-228)/h + 7. What is the greatest common divisor of t and v?
4
Let h = -480 + 497. Suppose h*b + 114 = 20*b. Calculate the greatest common divisor of b and 323.
19
Suppose -231 = -43*m + 10*m. Suppose -m*i - 206 = -213. Calculate the greatest common divisor of 38 and i.
1
Let q = 19 + -2. Let m(h) = h**2 - 10*h + 11. Let j be m(9). Suppose j*c - 1 = 2*u - 113, 3*c - 138 = -3*u. Calculate the highest common factor of q and u.
17
Let t be (-8)/(-1)*(-7714)/(-304). Calculate the highest common divisor of t and 406.
203
Let i be 471/(-2355) + (1 - 8388/(-15)). What is the greatest common factor of 665 and i?
35
Let y be (3 + 23/(-7))/((-2)/42). Suppose -98 = -2*x + 2*a - 3*a, -282 = -y*x + 3*a. What is the highest common divisor of 84 and x?
12
Let w = 7 - 4. Suppose o - b = -2*o + 135, w*o + 2*b = 135. Suppose 5*i - 37 - 24 = -4*t, 2*i = -3*t + 37. Calculate the greatest common divisor of t and o.
9
Suppose 7*o = 9 + 75. Let q(b) = 7*b + 84. Let l be q(o). What is the greatest common divisor of 24 and l?
24
Let k be (2 + -1)/((-3)/(-24)). Let c = k - -8. Suppose -18*v + 224 = -c*v. What is the greatest common factor of v and 16?
16
Let n(w) = -w**3 + 6*w**2 - 6*w + 1. Let z be n(8). Suppose -17*d - 471 = -14*d. Let f = d - z. Calculate the greatest common divisor of 2 and f.
2
Let x be 10/1 + (53 - -80). What is the highest common factor of 187 and x?
11
Let k(x) = 9*x**2 - 318*x - 12. Let f be k(36). Calculate the highest common divisor of 510 and f.
102
Let w be 44028/27 + 17 + (-14)/(-6). Calculate the greatest common divisor of w and 66.
66
Suppose -3*p + 155 = -484. Let j = p - 167. Calculate the greatest common divisor of j and 46.
46
Suppose -114 = 9*i - 15*i. Suppose -z = -3*z - 8. Let n(f) = -29*f + 17. Let y be n(z). Calculate the greatest common divisor of i and y.
19
Let r(c) = -c**2 + c + 18. Let d(g) = g**3 - 6*g**2 - 6*g - 7. Let b be d(7). Let h be r(b). What is the highest common divisor of h and 558?
18
Let q be 12/(-1)*(-14)/4. Let v be q*3/6 - 1*3. Let h = 68 + -41. What is the greatest common factor of h and v?
9
Let c be (-27)/(-72) + (-5610)/(-528). Suppose 71 = b - 6. What is the highest common divisor of b and c?
11
Let t be (-179)/6 + 57/(-342). Let y be -3*(-32)/9*(15 - t). What is the greatest common divisor of y and 15?
15
Suppose 30*l = 40*l + 10. Let y be -45 - (l - (2/1 - 3)). Let s be 0 + (-770)/(-6) - (-15)/y. Calculate the highest common factor of 16 and s.
16
Suppose 6*v + 21*v = -4*v + 3317. What is the highest common factor of 107 and v?
107
Suppose -155*d - 3*y = -151*d - 74, -15 = -d + y. What is the highest common divisor of d and 17493?
17
Suppose 2*n + 2*n = 3*u + 2995, 5*n = -5*u + 3735. Suppose 3595*q + n = 3599*q. What is the highest common factor of 136 and q?
17
Let b(n) = 2*n**3 - 101*n**2 + 58*n + 4436. Let o be b(49). Let i(t) = 4*t**3 - 1. Let r be i(1). What is the highest common factor of r and o?
3
Let m be 105 + ((-3)/(-3) - 3/3). Calculate the highest common divisor of m and 4650.
15
Let q(f) = -124*f + 1. Let z be q(-1). Let n be 2*(-30)/32*240/(-18). What is the highest common factor of z and n?
25
Let i(a) = -311*a + 6. Let k(z) = -311*z + 7. Let x(u) = 4*i(u) - 3*k(u). Let q be x(1). Let o be 10/4*q/(-2). What is the greatest common divisor of 35 and o?
35
Let v be (0 - (-3 + 1)) + 2. Let z be v/12 - (-211